{"id":4048,"date":"2023-02-06T17:55:44","date_gmt":"2023-02-06T20:55:44","guid":{"rendered":"http:\/\/canaisdigitaissitebr-wordpress.azurewebsites.net\/?post_type=paginas_cidades&#038;p=4048"},"modified":"2023-11-14T10:45:50","modified_gmt":"2023-11-14T13:45:50","slug":"alemanha-frankfurt","status":"publish","type":"paginas_cidades","link":"https:\/\/canaisdigitaissitebr-wordpress.azurewebsites.net\/index.php\/paginas_cidades\/alemanha-frankfurt\/","title":{"rendered":"Aluguel de Carros em Frankfurt, Alemanha | Localiza"},"content":{"rendered":"\n<h1>Aluguel de carros em Frankfurt, Alemanha<\/h1>\n\n\n\n<p>Frankfurt \u00e9 uma cidade cosmopolita e um dos principais centros financeiros da Europa. N\u00e3o \u00e0 toa, ganhou o apelido de \u201cMainhattan\u201d, jun\u00e7\u00e3o da cidade de Manhattan com \u201cMain\u201d, o nome alem\u00e3o do rio Meno, que corta a cidade. Al\u00e9m disso, \u00e9 uma cidade hist\u00f3rica com um centro antigo pitoresco, uma variedade de museus e galerias de arte, al\u00e9m de uma cena gastron\u00f4mica vibrante.<\/p>\n\n\n\n<p>Se voc\u00ea est\u00e1 planejando uma viagem para Frankfurt e pretende alugar um carro, reunimos aqui informa\u00e7\u00f5es essenciais para voc\u00ea se preparar e fazer a escolha mais adequada para sua viagem. Acompanhe!<\/p>\n\n\n\n<p><strong>V\u00e1 direto ao ponto:<\/strong><\/p>\n\n\n\n<ul><li><a href=\"#como-funciona\" data-type=\"internal\" data-id=\"#como-funciona\">Como funciona o aluguel de carro em Frankfurt?<\/a><\/li><li><a href=\"#quanto-custa\">Quanto custa um carro alugado em Frankfurt?<\/a><\/li><li><a href=\"#o-que-e-necessario\" data-type=\"internal\" data-id=\"#o-que-e-necessario\">O que \u00e9 necess\u00e1rio para alugar um carro em Frankfurt?<\/a><\/li><li><a href=\"#vale-a-pena\">Vale a pena alugar um carro em Frankfurt?<\/a><\/li><li><a href=\"#o-que-fazer-em-frankfurt\">O que fazer com um carro alugado em Frankfurt?<\/a><\/li><\/ul>\n\n\n\n<h2 id=\"como-funciona\">Como funciona o aluguel de carro em Frankfurt?<\/h2>\n\n\n\n<p>\u00c9 muito f\u00e1cil alugar um carro em Frankfurt. Basta <a href=\"https:\/\/partners.rentalcar.com\/localiza-web\/\">acessar nosso site de alugu\u00e9is internacionais<\/a> e seguir os passos abaixo:<\/p>\n\n\n\n<ol type=\"1\"><li>Escolha a cidade de Frankfurt no campo <strong>Local de retirada<\/strong> e escolha a ag\u00eancia que preferir;<\/li><li>Se quiser devolver o carro na mesma ag\u00eancia, marque a caixa de sele\u00e7\u00e3o em <strong>Local de devolu\u00e7\u00e3o<\/strong>. Se pretende devolver em outra ag\u00eancia, deixe vazio;<\/li><li>Escolha os dias e hor\u00e1rios de retirada e devolu\u00e7\u00e3o;<\/li><li>Indique a idade do condutor;<\/li><li>Clique no bot\u00e3o <strong>Buscar<\/strong> para ver as cota\u00e7\u00f5es;<\/li><li>Escolha o modelo que te atende melhor e clique em <strong>Selecionar<\/strong>;<\/li><li>Selecione os adicionais que gostaria de incluir, ou deixe em branco se n\u00e3o quiser nenhum, e clique em <strong>Continuar<\/strong>;<\/li><li>Preencha os dados solicitados no cadastro e clique em <strong>Continuar;<\/strong><\/li><li>Revise suas informa\u00e7\u00f5es e clique em <strong>Reservar<\/strong>.<\/li><\/ol>\n\n\n\n<p>Voc\u00ea receber\u00e1 um e-mail de confirma\u00e7\u00e3o no endere\u00e7o informado durante o cadastro, com todos os detalhes da sua reserva. Depois disso, \u00e9 s\u00f3 aproveitar a viagem!<\/p>\n\n\n\n<h2 id=\"quanto-custa\">Quanto custa um carro alugado em Frankfurt?<\/h2>\n\n\n\n<p>O valor da di\u00e1ria de um carro alugado em Frankfurt varia de acordo com uma s\u00e9rie de fatores, como modelo e categoria do carro, adicionais selecionados e \u00e9poca do ano em que a reserva \u00e9 feita. Dessa maneira, voc\u00ea consegue escolher um ve\u00edculo que atenda \u00e0s suas necessidades e caiba no seu or\u00e7amento.<\/p>\n\n\n\n<p>Por exemplo, caso queira aproveitar o aluguel em Frankfurt para conhecer as Autobahns, as famosas rodovias alem\u00e3s sem limite de velocidade, pode optar por um modelo mais potente. Nesse caso, voc\u00ea pode abrir m\u00e3o de adicionais como um motorista extra ou o GPS, j\u00e1 que o tr\u00e2nsito de Frankfurt \u00e9 f\u00e1cil de navegar. Assim, voc\u00ea sai da locadora com um carro ideal para a sua viagem!<\/p>\n\n\n\n<h2 id=\"o-que-e-necessario\">O que \u00e9 necess\u00e1rio para alugar um carro em Frankfurt?<\/h2>\n\n\n\n<p>\u00c9 muito simples alugar um ve\u00edculo em Frankfurt. Basta procurar uma ag\u00eancia de aluguel de carros tendo em m\u00e3os os seguintes documentos:<\/p>\n\n\n\n<ul><li>Carteira Nacional de Habilita\u00e7\u00e3o (CNH) v\u00e1lida;<\/li><li>Passaporte original e v\u00e1lido;<\/li><li>Cart\u00e3o de cr\u00e9dito internacional;<\/li><li>Em alguns casos, a carteira internacional ou Permiss\u00e3o Internacional para Dirigir (PID).<\/li><\/ul>\n\n\n\n<p>A idade m\u00ednima para retirar um carro alugado \u00e9 de 18 anos. Por\u00e9m, algumas locadoras se recusam a alugar para menores de 21, e \u00e9 bastante comum que cobrem uma taxa extra para motoristas com menos de 26.<\/p>\n\n\n\n<h3>Preciso tirar a Permiss\u00e3o Internacional para Dirigir (PID) em Frankfurt?<\/h3>\n\n\n\n<p>Segundo o site da Embaixada e Consulados Gerais da Alemanha no Brasil, <a href=\"https:\/\/brasil.diplo.de\/br-pt\/servicos\/dirigir\/1010126\">a carteira de habilita\u00e7\u00e3o brasileira pode, sim, ser usada na Alemanha<\/a> dentro da mesma categoria do Brasil. Ou seja, se por aqui voc\u00ea s\u00f3 pode dirigir carros de passeio, o mesmo vale em terras alem\u00e3s.<\/p>\n\n\n\n<p>Mesmo assim, \u00e9 importante ficar atento para o fato de que as locadoras podem se recusar a liberar o ve\u00edculo caso o motorista n\u00e3o apresente a PID. Por isso, n\u00e3o deixe de conferir previamente com a empresa escolhida antes de ir.<\/p>\n\n\n\n<p>Al\u00e9m disso, outro ponto de aten\u00e7\u00e3o \u00e9 que nem todos os pa\u00edses da Europa aceitam a carteira de motorista brasileira. A \u00c1ustria, por exemplo, que faz fronteira com a Alemanha, exige que os turistas portem a PID para dirigir.<\/p>\n\n\n\n<h2 id=\"vale-a-pena\">Vale a pena alugar um carro em Frankfurt?<\/h2>\n\n\n\n<p>Alugar um carro para sua viagem a turismo ou trabalho tem in\u00fameras vantagens. Com um ve\u00edculo alugado, voc\u00ea tem mais autonomia e conforto para fazer o seu pr\u00f3prio hor\u00e1rio, por exemplo, sem depender de outras pessoas para aproveitar o dia ao m\u00e1ximo ou chegar pontualmente aos seus compromissos.<\/p>\n\n\n\n<p>Em Frankfurt, apesar de a cidade contar com uma ampla malha de transporte p\u00fablico, pode ser dif\u00edcil desvendar os itiner\u00e1rios dos \u00f4nibus e metr\u00f4s da cidade. Al\u00e9m disso, as tarifas de transporte por l\u00e1 s\u00e3o mais caras do que em cidades pr\u00f3ximas.<\/p>\n\n\n\n<p>Al\u00e9m disso, dirigir na Alemanha pode ser uma experi\u00eancia \u00fanica, gra\u00e7as \u00e0s Autobahns. Se voc\u00ea gosta de estar atr\u00e1s do volante, n\u00e3o pode perder a oportunidade de conhecer as famosas rodovias sem limite de velocidade.<\/p>\n\n\n\n<h2 id=\"o-que-fazer-em-frankfurt\">O que fazer com um carro alugado em Frankfurt?<\/h2>\n\n\n\n<p>Frankfurt \u00e9 uma cidade din\u00e2mica, que tem muito a oferecer aos seus visitantes. Confira as nossas sugest\u00f5es de o que fazer por l\u00e1 com o seu carro alugado!<\/p>\n\n\n\n<h3>Viagem de carro pela Alemanha e pa\u00edses vizinhos<\/h3>\n\n\n\n<p>Uma peculiaridade dos pa\u00edses europeus em rela\u00e7\u00e3o ao Brasil \u00e9 que eles s\u00e3o muito menores, frequentemente tendo o tamanho de alguns dos nossos estados. Assim, \u00e9 muito f\u00e1cil conhecer uma boa parte do seu territ\u00f3rio em uma viagem de carro.<\/p>\n\n\n\n<p>A Alemanha n\u00e3o \u00e9 exce\u00e7\u00e3o, e Frankfurt \u00e9 um bom ponto de partida. De l\u00e1, voc\u00ea pode partir para Berlim ou para Munique, outros dois <em>points<\/em> tur\u00edsticos, fazendo pequenas pausas para conhecer as cidades entre elas e apreciar a paisagem.<\/p>\n\n\n\n<p>Outra possibilidade \u00e9 estender ainda mais a viagem e conhecer os pa\u00edses vizinhos \u00e0 Alemanha, como B\u00e9lgica, Holanda e Rep\u00fablica Tcheca. Se optar por esse trajeto, s\u00f3 n\u00e3o se esque\u00e7a de conferir se eles exigem a Permiss\u00e3o Internacional para Dirigir antes de cruzar a fronteira!<\/p>\n\n\n\n<h3>Locais hist\u00f3ricos nas proximidades<\/h3>\n\n\n\n<p>Para quem prefere um bate-volta, Frankfurt tamb\u00e9m traz boas op\u00e7\u00f5es, como Eltville am Rhein e B\u00fcdingen, a cerca de 50&nbsp;km.<\/p>\n\n\n\n<p>Em Eltville am Rhein, n\u00e3o se deixe enganar pelo tamanho da cidade, que tem menos de 20 mil habitantes, mas n\u00e3o deixa de ser c\u00e9lebre: o lugar foi o cen\u00e1rio do famoso filme <em>O nome da Rosa<\/em>, de 1986, e j\u00e1 teve destaque no in\u00edcio do s\u00e9culo XX como \u201ca cidade das rosas\u201d, pelo grande n\u00famero dessas flores que havia por l\u00e1. A cidade, \u00e0s margens do Rio Reno, \u00e9 bastante charmosa e cen\u00e1rio ideal para um dia agrad\u00e1vel de passeios a p\u00e9.<\/p>\n\n\n\n<p>J\u00e1 B\u00fcdingen \u00e9 uma viagem ao passado, gra\u00e7as \u00e0 sua arquitetura medieval preservada ao longo dos s\u00e9culos, com o port\u00e3o de entrada e boa parte do muro original que circundava a cidade existentes at\u00e9 hoje. Nas proximidades de B\u00fcdingen tamb\u00e9m est\u00e1 o Castelo de Ronneburg, que vale a pena acrescentar ao roteiro.<\/p>\n\n\n\n<h3>Pra\u00e7a Hauptwache e rua Zeil<\/h3>\n\n\n\n<p>A Hauptwache \u00e9 uma das pra\u00e7as mais famosas de \u201cMainhattan\u201d e uma das \u00e1reas mais movimentadas da cidade. A pra\u00e7a leva esse nome em homenagem \u00e0 Casa da Guarda, chamada de Hauptwache em alem\u00e3o, uma constru\u00e7\u00e3o barroca do s\u00e9culo XVIII que, hoje, abriga um caf\u00e9 de mesmo nome.<\/p>\n\n\n\n<p>Al\u00e9m de ser um ponto tur\u00edstico por si s\u00f3, a pra\u00e7a tamb\u00e9m \u00e9 localiza pr\u00f3xima \u00e0 \u00e1rea comercial de Frankfurt, simbolizada pela famosa rua Zeil. Por l\u00e1, al\u00e9m de fazer compras, voc\u00ea tamb\u00e9m pode aproveitar a vida noturna e os bares da cidade.<\/p>\n\n\n\n<h3>Historisches Museum<\/h3>\n\n\n\n<p>\u00c9 dif\u00edcil escolher apenas um entre os mais de 30 museus de Frankfurt para destacar. Por\u00e9m, um bom ponto de partida \u00e9 o Historisches, localizado no centro hist\u00f3rico. Isso porque seu assunto principal \u00e9 a pr\u00f3pria cidade, contando sua hist\u00f3ria desde o s\u00e9culo XV at\u00e9 os dias atuais nas exibi\u00e7\u00f5es \u201cFrankfurt Once\u201d e \u201cFrankfurt Now\u201d.<\/p>\n\n\n\n<p>Ali\u00e1s, o Historisches vai al\u00e9m: n\u00e3o s\u00f3 exibe a hist\u00f3ria de Frankfurt, como \u00e9 ele mesmo parte dela. Isso porque o edif\u00edcio que o abriga foi constru\u00eddo no final do s\u00e9culo XVII, o que faz com que o museu seja o mais antigo da cidade.<\/p>\n\n\n\n<p>Agora que voc\u00ea j\u00e1 tirou todas as suas d\u00favidas sobre aluguel de carros em Frankfurt, j\u00e1 pode aproveitar sua viagem com qualidade, seguran\u00e7a e comodidade. <a href=\"https:\/\/partners.rentalcar.com\/localiza-web\/\">Acesse nosso site de aluguei internacionais e fa\u00e7a sua reserva!<\/a><\/p>\n","protected":false},"template":"","meta":[],"categories":[2],"acf":{"cityName":"Frankfurt ","mainImage":"\/wp-content\/uploads\/2021\/09\/aluguel-de-carros-localiza-rede-de-agencias.png","production":true,"canonicalTag":"https:\/\/www.localiza.com\/brasil\/pt-br\/rede-de-agencias\/alemanha-frankfurt","descriptionTag":"Alugue um carro em Frankfurt com a Localiza e desfrute da sua viagem com mais conforto e flexibilidade."},"_links":{"self":[{"href":"https:\/\/canaisdigitaissitebr-wordpress.azurewebsites.net\/index.php\/wp-json\/wp\/v2\/paginas_cidades\/4048"}],"collection":[{"href":"https:\/\/canaisdigitaissitebr-wordpress.azurewebsites.net\/index.php\/wp-json\/wp\/v2\/paginas_cidades"}],"about":[{"href":"https:\/\/canaisdigitaissitebr-wordpress.azurewebsites.net\/index.php\/wp-json\/wp\/v2\/types\/paginas_cidades"}],"wp:attachment":[{"href":"https:\/\/canaisdigitaissitebr-wordpress.azurewebsites.net\/index.php\/wp-json\/wp\/v2\/media?parent=4048"}],"wp:term":[{"taxonomy":"category","embeddable":true,"href":"https:\/\/canaisdigitaissitebr-wordpress.azurewebsites.net\/index.php\/wp-json\/wp\/v2\/categories?post=4048"}],"curies":[{"name":"wp","href":"https:\/\/api.w.org\/{rel}","templated":true}]}}

<h1>Aluguel de carros em Frankfurt, Alemanha</h1>



<p>Frankfurt é uma cidade cosmopolita e um dos principais centros financeiros da Europa. Não à toa, ganhou o apelido de “Mainhattan”, junção da cidade de Manhattan com “Main”, o nome alemão do rio Meno, que corta a cidade. Além disso, é uma cidade histórica com um centro antigo pitoresco, uma variedade de museus e galerias de arte, além de uma cena gastronômica vibrante.</p>



<p>Se você está planejando uma viagem para Frankfurt e pretende alugar um carro, reunimos aqui informações essenciais para você se preparar e fazer a escolha mais adequada para sua viagem. Acompanhe!</p>



<p><strong>Vá direto ao ponto:</strong></p>



<ul><li><a href="#como-funciona" data-type="internal" data-id="#como-funciona">Como funciona o aluguel de carro em Frankfurt?</a></li><li><a href="#quanto-custa">Quanto custa um carro alugado em Frankfurt?</a></li><li><a href="#o-que-e-necessario" data-type="internal" data-id="#o-que-e-necessario">O que é necessário para alugar um carro em Frankfurt?</a></li><li><a href="#vale-a-pena">Vale a pena alugar um carro em Frankfurt?</a></li><li><a href="#o-que-fazer-em-frankfurt">O que fazer com um carro alugado em Frankfurt?</a></li></ul>



<h2 id="como-funciona">Como funciona o aluguel de carro em Frankfurt?</h2>



<p>É muito fácil alugar um carro em Frankfurt. Basta <a href="https://partners.rentalcar.com/localiza-web/">acessar nosso site de aluguéis internacionais</a> e seguir os passos abaixo:</p>



<ol type="1"><li>Escolha a cidade de Frankfurt no campo <strong>Local de retirada</strong> e escolha a agência que preferir;</li><li>Se quiser devolver o carro na mesma agência, marque a caixa de seleção em <strong>Local de devolução</strong>. Se pretende devolver em outra agência, deixe vazio;</li><li>Escolha os dias e horários de retirada e devolução;</li><li>Indique a idade do condutor;</li><li>Clique no botão <strong>Buscar</strong> para ver as cotações;</li><li>Escolha o modelo que te atende melhor e clique em <strong>Selecionar</strong>;</li><li>Selecione os adicionais que gostaria de incluir, ou deixe em branco se não quiser nenhum, e clique em <strong>Continuar</strong>;</li><li>Preencha os dados solicitados no cadastro e clique em <strong>Continuar;</strong></li><li>Revise suas informações e clique em <strong>Reservar</strong>.</li></ol>



<p>Você receberá um e-mail de confirmação no endereço informado durante o cadastro, com todos os detalhes da sua reserva. Depois disso, é só aproveitar a viagem!</p>



<h2 id="quanto-custa">Quanto custa um carro alugado em Frankfurt?</h2>



<p>O valor da diária de um carro alugado em Frankfurt varia de acordo com uma série de fatores, como modelo e categoria do carro, adicionais selecionados e época do ano em que a reserva é feita. Dessa maneira, você consegue escolher um veículo que atenda às suas necessidades e caiba no seu orçamento.</p>



<p>Por exemplo, caso queira aproveitar o aluguel em Frankfurt para conhecer as Autobahns, as famosas rodovias alemãs sem limite de velocidade, pode optar por um modelo mais potente. Nesse caso, você pode abrir mão de adicionais como um motorista extra ou o GPS, já que o trânsito de Frankfurt é fácil de navegar. Assim, você sai da locadora com um carro ideal para a sua viagem!</p>



<h2 id="o-que-e-necessario">O que é necessário para alugar um carro em Frankfurt?</h2>



<p>É muito simples alugar um veículo em Frankfurt. Basta procurar uma agência de aluguel de carros tendo em mãos os seguintes documentos:</p>



<ul><li>Carteira Nacional de Habilitação (CNH) válida;</li><li>Passaporte original e válido;</li><li>Cartão de crédito internacional;</li><li>Em alguns casos, a carteira internacional ou Permissão Internacional para Dirigir (PID).</li></ul>



<p>A idade mínima para retirar um carro alugado é de 18 anos. Porém, algumas locadoras se recusam a alugar para menores de 21, e é bastante comum que cobrem uma taxa extra para motoristas com menos de 26.</p>



<h3>Preciso tirar a Permissão Internacional para Dirigir (PID) em Frankfurt?</h3>



<p>Segundo o site da Embaixada e Consulados Gerais da Alemanha no Brasil, <a href="https://brasil.diplo.de/br-pt/servicos/dirigir/1010126">a carteira de habilitação brasileira pode, sim, ser usada na Alemanha</a> dentro da mesma categoria do Brasil. Ou seja, se por aqui você só pode dirigir carros de passeio, o mesmo vale em terras alemãs.</p>



<p>Mesmo assim, é importante ficar atento para o fato de que as locadoras podem se recusar a liberar o veículo caso o motorista não apresente a PID. Por isso, não deixe de conferir previamente com a empresa escolhida antes de ir.</p>



<p>Além disso, outro ponto de atenção é que nem todos os países da Europa aceitam a carteira de motorista brasileira. A Áustria, por exemplo, que faz fronteira com a Alemanha, exige que os turistas portem a PID para dirigir.</p>



<h2 id="vale-a-pena">Vale a pena alugar um carro em Frankfurt?</h2>



<p>Alugar um carro para sua viagem a turismo ou trabalho tem inúmeras vantagens. Com um veículo alugado, você tem mais autonomia e conforto para fazer o seu próprio horário, por exemplo, sem depender de outras pessoas para aproveitar o dia ao máximo ou chegar pontualmente aos seus compromissos.</p>



<p>Em Frankfurt, apesar de a cidade contar com uma ampla malha de transporte público, pode ser difícil desvendar os itinerários dos ônibus e metrôs da cidade. Além disso, as tarifas de transporte por lá são mais caras do que em cidades próximas.</p>



<p>Além disso, dirigir na Alemanha pode ser uma experiência única, graças às Autobahns. Se você gosta de estar atrás do volante, não pode perder a oportunidade de conhecer as famosas rodovias sem limite de velocidade.</p>



<h2 id="o-que-fazer-em-frankfurt">O que fazer com um carro alugado em Frankfurt?</h2>



<p>Frankfurt é uma cidade dinâmica, que tem muito a oferecer aos seus visitantes. Confira as nossas sugestões de o que fazer por lá com o seu carro alugado!</p>



<h3>Viagem de carro pela Alemanha e países vizinhos</h3>



<p>Uma peculiaridade dos países europeus em relação ao Brasil é que eles são muito menores, frequentemente tendo o tamanho de alguns dos nossos estados. Assim, é muito fácil conhecer uma boa parte do seu território em uma viagem de carro.</p>



<p>A Alemanha não é exceção, e Frankfurt é um bom ponto de partida. De lá, você pode partir para Berlim ou para Munique, outros dois <em>points</em> turísticos, fazendo pequenas pausas para conhecer as cidades entre elas e apreciar a paisagem.</p>



<p>Outra possibilidade é estender ainda mais a viagem e conhecer os países vizinhos à Alemanha, como Bélgica, Holanda e República Tcheca. Se optar por esse trajeto, só não se esqueça de conferir se eles exigem a Permissão Internacional para Dirigir antes de cruzar a fronteira!</p>



<h3>Locais históricos nas proximidades</h3>



<p>Para quem prefere um bate-volta, Frankfurt também traz boas opções, como Eltville am Rhein e Büdingen, a cerca de 50&nbsp;km.</p>



<p>Em Eltville am Rhein, não se deixe enganar pelo tamanho da cidade, que tem menos de 20 mil habitantes, mas não deixa de ser célebre: o lugar foi o cenário do famoso filme <em>O nome da Rosa</em>, de 1986, e já teve destaque no início do século XX como “a cidade das rosas”, pelo grande número dessas flores que havia por lá. A cidade, às margens do Rio Reno, é bastante charmosa e cenário ideal para um dia agradável de passeios a pé.</p>



<p>Já Büdingen é uma viagem ao passado, graças à sua arquitetura medieval preservada ao longo dos séculos, com o portão de entrada e boa parte do muro original que circundava a cidade existentes até hoje. Nas proximidades de Büdingen também está o Castelo de Ronneburg, que vale a pena acrescentar ao roteiro.</p>



<h3>Praça Hauptwache e rua Zeil</h3>



<p>A Hauptwache é uma das praças mais famosas de “Mainhattan” e uma das áreas mais movimentadas da cidade. A praça leva esse nome em homenagem à Casa da Guarda, chamada de Hauptwache em alemão, uma construção barroca do século XVIII que, hoje, abriga um café de mesmo nome.</p>



<p>Além de ser um ponto turístico por si só, a praça também é localiza próxima à área comercial de Frankfurt, simbolizada pela famosa rua Zeil. Por lá, além de fazer compras, você também pode aproveitar a vida noturna e os bares da cidade.</p>



<h3>Historisches Museum</h3>



<p>É difícil escolher apenas um entre os mais de 30 museus de Frankfurt para destacar. Porém, um bom ponto de partida é o Historisches, localizado no centro histórico. Isso porque seu assunto principal é a própria cidade, contando sua história desde o século XV até os dias atuais nas exibições “Frankfurt Once” e “Frankfurt Now”.</p>



<p>Aliás, o Historisches vai além: não só exibe a história de Frankfurt, como é ele mesmo parte dela. Isso porque o edifício que o abriga foi construído no final do século XVII, o que faz com que o museu seja o mais antigo da cidade.</p>



<p>Agora que você já tirou todas as suas dúvidas sobre aluguel de carros em Frankfurt, já pode aproveitar sua viagem com qualidade, segurança e comodidade. <a href="https://partners.rentalcar.com/localiza-web/">Acesse nosso site de aluguei internacionais e faça sua reserva!</a></p>
