{"id":323,"date":"2021-09-28T10:41:27","date_gmt":"2021-09-28T13:41:27","guid":{"rendered":"http:\/\/canaisdigitaissitebr-wordpress.azurewebsites.net\/?post_type=paginas_cidades&#038;p=323"},"modified":"2024-07-31T15:49:29","modified_gmt":"2024-07-31T18:49:29","slug":"itu","status":"publish","type":"paginas_cidades","link":"https:\/\/canaisdigitaissitebr-wordpress.azurewebsites.net\/index.php\/paginas_cidades\/itu\/","title":{"rendered":"Aluguel de Carros em Itu, SP, aluguel simples e r\u00e1pido"},"content":{"rendered":"\n<h1>Aluguel de carro em Itu, SP<\/h1>\n\n\n\n<h2>Conhe\u00e7a Itu com quem mais entende de aluguel de carros<\/h2>\n\n\n\n<p>O <strong>aluguel de carro em Itu, SP<\/strong> \u00e9 a melhor decis\u00e3o para quem busca viajar para a cidade com mais liberdade e conforto. Isso porque aqui, na Localiza, a sua experi\u00eancia de loca\u00e7\u00e3o \u00e9 super pr\u00e1tica, do momento da reserva \u00e0 devolu\u00e7\u00e3o do ve\u00edculo. E voc\u00ea ainda acessa uma s\u00e9rie de facilidades, acredita?<\/p>\n\n\n\n<h2>Mais informa\u00e7\u00f5es sobre aluguel de carros em Itu<\/h2>\n\n\n\n<ul><li>escolha entre <a href=\"https:\/\/www.localiza.com\/brasil\/pt-br\/mensal-flex\">aluguel mensal<\/a> ou di\u00e1rio, o que mais fizer sentido para a sua necessidade;<\/li><li>aproveite <a href=\"https:\/\/www.localiza.com\/brasil\/pt-br\/perguntas-frequentes\">ofertas<\/a> exclusivas para clientes, tanto nossas como de nossos parceiros;<\/li><li>acumule pontos pelo nosso <a href=\"https:\/\/www.localiza.com\/brasil\/pt-br\/fidelidade\">programa de fidelidade<\/a> e conquiste atendimento preferencial, di\u00e1rias gr\u00e1tis e muito mais;\u00a0<\/li><\/ul>\n\n\n\n<h3>Quais s\u00e3o as categorias dispon\u00edveis para alugar carros em SP?<\/h3>\n\n\n\n<p>Temos <a href=\"https:\/\/www.localiza.com\/brasil\/pt-br\/grupos-de-carros\">grupos de carros<\/a> para todas as prefer\u00eancias e expectativas, confira:&nbsp;<\/p>\n\n\n\n<ul><li>os <strong>hatches,<\/strong> para rotas mais urbanas e economia de combust\u00edvel, est\u00e3o nos <strong>grupos B, CE e FH<\/strong>;&nbsp;<\/li><li>os <strong>cl\u00e1ssicos sed\u00e3s,<\/strong> para trajetos que demandem maior espa\u00e7o interno, est\u00e3o nos <strong>grupos CS, FS, FX e L<\/strong>;&nbsp;<\/li><li>os queridinhos <strong>SUVs e crossovers, <\/strong>para passeios em fam\u00edlia, est\u00e3o nos grupos <strong>GC, GX e LE<\/strong>.<\/li><\/ul>\n\n\n\n<h3>Qual \u00e9 o valor m\u00e9dio do aluguel de ve\u00edculos em SP?<\/h3>\n\n\n\n<p>Vai depender de fatores como:&nbsp;<\/p>\n\n\n\n<ul><li>grupo de ve\u00edculos desejado;<\/li><li>dura\u00e7\u00e3o da loca\u00e7\u00e3o;<\/li><li>per\u00edodo do ano.&nbsp;<\/li><\/ul>\n\n\n\n<p>Para economizar, recomendamos que voc\u00ea <strong>reserve o seu carro com anteced\u00eancia<\/strong> e prefira loca\u00e7\u00f5es que comecem em<strong> dias \u00fateis<\/strong> \u2014 \u00e9 mais f\u00e1cil encontrar <strong>descontos e tarifas melhores<\/strong> dessa forma.<\/p>\n\n\n\n<h3>Como fa\u00e7o para reservar um carro com a Localiza?<\/h3>\n\n\n\n<p>Reserve o seu ve\u00edculo visitando o nosso site ou aplicativo e:<\/p>\n\n\n\n<ol><li>opte pela ag\u00eancia de Itu, SP, para retirada;<\/li><li>defina as datas de in\u00edcio e t\u00e9rmino da loca\u00e7\u00e3o;<\/li><li>selecione o grupo de carros de sua prefer\u00eancia;<\/li><li>finalize a reserva com os seus dados pessoais.<\/li><\/ol>\n\n\n\n<p>Em caso de d\u00favidas, consulte nossa <a href=\"https:\/\/www.localiza.com\/brasil\/pt-br\/perguntas-frequentes\">FAQ<\/a>. Boa viagem!<\/p>\n","protected":false},"template":"","meta":[],"categories":[2],"acf":{"cityName":"Itu","mainImage":"\/wp-content\/uploads\/2021\/09\/aluguel-de-carros-localiza-rede-de-agencias.png","production":true,"canonicalTag":"https:\/\/www.localiza.com\/brasil\/pt-br\/rede-de-agencias\/itu","descriptionTag":"Confira as ag\u00eancias de aluguel de carros em Itu, SP da Localiza! Aqui voc\u00ea encontra os nossos endere\u00e7os do estado e do munic\u00edpio de Itu. Alugue seu carro agora!"},"_links":{"self":[{"href":"https:\/\/canaisdigitaissitebr-wordpress.azurewebsites.net\/index.php\/wp-json\/wp\/v2\/paginas_cidades\/323"}],"collection":[{"href":"https:\/\/canaisdigitaissitebr-wordpress.azurewebsites.net\/index.php\/wp-json\/wp\/v2\/paginas_cidades"}],"about":[{"href":"https:\/\/canaisdigitaissitebr-wordpress.azurewebsites.net\/index.php\/wp-json\/wp\/v2\/types\/paginas_cidades"}],"wp:attachment":[{"href":"https:\/\/canaisdigitaissitebr-wordpress.azurewebsites.net\/index.php\/wp-json\/wp\/v2\/media?parent=323"}],"wp:term":[{"taxonomy":"category","embeddable":true,"href":"https:\/\/canaisdigitaissitebr-wordpress.azurewebsites.net\/index.php\/wp-json\/wp\/v2\/categories?post=323"}],"curies":[{"name":"wp","href":"https:\/\/api.w.org\/{rel}","templated":true}]}}

Aluguel de Carros em Itu, SP, aluguel simples e rápido

<h1>Aluguel de carro em Itu, SP</h1>



<h2>Conheça Itu com quem mais entende de aluguel de carros</h2>



<p>O <strong>aluguel de carro em Itu, SP</strong> é a melhor decisão para quem busca viajar para a cidade com mais liberdade e conforto. Isso porque aqui, na Localiza, a sua experiência de locação é super prática, do momento da reserva à devolução do veículo. E você ainda acessa uma série de facilidades, acredita?</p>



<h2>Mais informações sobre aluguel de carros em Itu</h2>



<ul><li>escolha entre <a href="https://www.localiza.com/brasil/pt-br/mensal-flex">aluguel mensal</a> ou diário, o que mais fizer sentido para a sua necessidade;</li><li>aproveite <a href="https://www.localiza.com/brasil/pt-br/perguntas-frequentes">ofertas</a> exclusivas para clientes, tanto nossas como de nossos parceiros;</li><li>acumule pontos pelo nosso <a href="https://www.localiza.com/brasil/pt-br/fidelidade">programa de fidelidade</a> e conquiste atendimento preferencial, diárias grátis e muito mais; </li></ul>



<h3>Quais são as categorias disponíveis para alugar carros em SP?</h3>



<p>Temos <a href="https://www.localiza.com/brasil/pt-br/grupos-de-carros">grupos de carros</a> para todas as preferências e expectativas, confira:&nbsp;</p>



<ul><li>os <strong>hatches,</strong> para rotas mais urbanas e economia de combustível, estão nos <strong>grupos B, CE e FH</strong>;&nbsp;</li><li>os <strong>clássicos sedãs,</strong> para trajetos que demandem maior espaço interno, estão nos <strong>grupos CS, FS, FX e L</strong>;&nbsp;</li><li>os queridinhos <strong>SUVs e crossovers, </strong>para passeios em família, estão nos grupos <strong>GC, GX e LE</strong>.</li></ul>



<h3>Qual é o valor médio do aluguel de veículos em SP?</h3>



<p>Vai depender de fatores como:&nbsp;</p>



<ul><li>grupo de veículos desejado;</li><li>duração da locação;</li><li>período do ano.&nbsp;</li></ul>



<p>Para economizar, recomendamos que você <strong>reserve o seu carro com antecedência</strong> e prefira locações que comecem em<strong> dias úteis</strong> — é mais fácil encontrar <strong>descontos e tarifas melhores</strong> dessa forma.</p>



<h3>Como faço para reservar um carro com a Localiza?</h3>



<p>Reserve o seu veículo visitando o nosso site ou aplicativo e:</p>



<ol><li>opte pela agência de Itu, SP, para retirada;</li><li>defina as datas de início e término da locação;</li><li>selecione o grupo de carros de sua preferência;</li><li>finalize a reserva com os seus dados pessoais.</li></ol>



<p>Em caso de dúvidas, consulte nossa <a href="https://www.localiza.com/brasil/pt-br/perguntas-frequentes">FAQ</a>. Boa viagem!</p>

Confira as agências de aluguel de carros em Itu, SP da Localiza! Aqui você encontra os nossos endereços do estado e do município de Itu. Alugue seu carro agora!
