{"id":287,"date":"2021-09-24T11:20:05","date_gmt":"2021-09-24T14:20:05","guid":{"rendered":"http:\/\/canaisdigitaissitebr-wordpress.azurewebsites.net\/?post_type=paginas_cidades&#038;p=287"},"modified":"2025-11-24T10:44:03","modified_gmt":"2025-11-24T13:44:03","slug":"cabo-frio","status":"publish","type":"paginas_cidades","link":"https:\/\/canaisdigitaissitebr-wordpress.azurewebsites.net\/index.php\/paginas_cidades\/cabo-frio\/","title":{"rendered":"Aluguel de Carros em Cabo Frio, RJ: simples e r\u00e1pido"},"content":{"rendered":"\n<h1>ALUGUEL DE CARROS EM CABO FRIO<\/h1>\n\n\n\n<h3>SONHANDO COM DIAS DE DESCANSO EM CABO FRIO? ALUGUE UM CARRO<\/h3>\n\n\n\n<p>A cerca de 156 km da capital carioca, <a href=\"https:\/\/seminovos.localiza.com\/carros\/rj-cabo-frio\" data-type=\"URL\" data-id=\"https:\/\/seminovos.localiza.com\/carros\/rj-cabo-frio\" target=\"_blank\" rel=\"noreferrer noopener\">Cabo Frio<\/a>, cidade que fica na conhecida Regi\u00e3o dos Lagos, atrai muitos turistas do estado e de todo o pa\u00eds. A cidade \u00e9 a s\u00e9tima mais antiga do Brasil e, al\u00e9m de praias bel\u00edssimas, guarda muita hist\u00f3ria. Alugue um carro e desvende essa bela cidade!<\/p>\n\n\n\n<p><a rel=\"noreferrer noopener\" href=\"https:\/\/www.localiza.com\/brasil\/pt-br\/grupos-de-carros\" target=\"_blank\">Veja aqui os modelos de carro para aluguel na cidade de Cabo Frio<\/a><\/p>\n\n\n\n<h2>Voc\u00ea sabia? Alugar com anteced\u00eancia \u00e9 mais barato!<\/h2>\n\n\n\n<p>Alugar o carro com anteced\u00eancia geralmente permite tarifas mais baixas. <strong>Quanto antes voc\u00ea reservar, mais voc\u00ea vai economizar.<\/strong><\/p>\n\n\n\n<p>Isso acontece pela rela\u00e7\u00e3o entre servi\u00e7o e demanda: em per\u00edodos de alta temporada o n\u00famero de carros dispon\u00edveis diminui e a procura aumenta. Naturalmente, com mais gente querendo alugar e menos carros \u00e0 disposi\u00e7\u00e3o, os pre\u00e7os sobem.<\/p>\n\n\n\n<p>Portanto, ao se planejar, voc\u00ea garante um pre\u00e7o mais baixo, garantindo n\u00e3o s\u00f3 o ve\u00edculo de sua prefer\u00eancia, mas tamb\u00e9m uma economia significativa no seu or\u00e7amento de viagem.<\/p>\n\n\n\n<p>Em per\u00edodos de alta temporada, <strong>reservar o carro com anteced\u00eancia pode gerar uma economia de at\u00e9 30%.<\/strong><\/p>\n\n\n\n<h2>CHEGANDO NA CIDADE<\/h2>\n\n\n\n<p>Voc\u00ea nos encontrar\u00e1 no aeroporto de Cabo Frio, se chegar voando, ou no centro da cidade, se optar pela rodovi\u00e1ria. Estamos bem pr\u00f3ximos, cerca de 2,4 km de dist\u00e2ncia. Reserve o melhor carro para a sua viagem e vamos juntos aproveitar os dias no litoral do Rio de Janeiro.<\/p>\n\n\n\n<h2>O QUE FAZER COM O ALUGUEL DE CARROS EM CABO FRIO<\/h2>\n\n\n\n<p>A beleza da cidade fica por conta, principalmente, das praias de \u00e1gua cristalina com areias brancas e do seu lado hist\u00f3rico. O bairro da Passagem guarda, at\u00e9 os dias de hoje, constru\u00e7\u00f5es da \u00e9poca de sua funda\u00e7\u00e3o.<\/p>\n\n\n\n<p>Cabo Frio foi descoberta no ano de 1503 pelo portugu\u00eas Am\u00e9rico Vesp\u00facio. Era uma \u00e1rea muito atacada por franceses e holandeses, por conta da grande quantidade e qualidade do Pau Brasil. Por esse motivo, a cidade ganhou um dos seus pontos tur\u00edsticos mais famosos.<\/p>\n\n\n\n<p>Al\u00e9m de conhecer o Forte de S\u00e3o Mateus, coloque tamb\u00e9m em sua lista o que conhecer pela cidade com o seu carro alugado:&nbsp;<\/p>\n\n\n\n<ul><li>Bairro da Passagem<\/li><li>Morro da Guia<\/li><li>Pra\u00e7a das \u00e1guas<\/li><li>Praia do Forte<\/li><li>Praia das Dunas<\/li><li>Praia do Per\u00f3<\/li><li>Praia das Conchas<\/li><li>Praia do Foguete<\/li><li>Ilha do Japon\u00eas<\/li><\/ul>\n\n\n\n<h3><strong>PRAIA DO FORTE<\/strong><\/h3>\n\n\n\n<p>\u00c9, com certeza, a praia mais frequentada da cidade. Com estrutura para receber muitos visitantes, contando com quiosques no cal\u00e7ad\u00e3o, bares e restaurantes em seus arredores, a Praia do Forte \u00e9 a praia central da cidade. \u00c9 por ali tamb\u00e9m que est\u00e1 a Pra\u00e7a das \u00c1guas.<\/p>\n\n\n\n<p>O Forte de S\u00e3o Mateus, monumento que deu nome \u00e0 praia, fica em sua extremidade esquerda e garante uma vista privilegiada das praias do Forte e das Dunas.<\/p>\n\n\n\n<p><\/p>\n\n\n\n<div class=\"wp-block-image\"><figure class=\"aligncenter size-large is-resized\"><img loading=\"lazy\" src=\"\/wp-content\/uploads\/2021\/02\/cabo-frio-rj-localiza-1024x683.jpg\" alt=\"Praia do Forte, Cabo Frio\/RJ\" class=\"wp-image-288\" width=\"768\" height=\"512\" srcset=\"\/wp-content\/uploads\/2021\/02\/cabo-frio-rj-localiza-1024x683.jpg 1024w, \/wp-content\/uploads\/2021\/02\/cabo-frio-rj-localiza-300x200.jpg 300w, \/wp-content\/uploads\/2021\/02\/cabo-frio-rj-localiza-768x512.jpg 768w, \/wp-content\/uploads\/2021\/02\/cabo-frio-rj-localiza-1536x1024.jpg 1536w, \/wp-content\/uploads\/2021\/02\/cabo-frio-rj-localiza-2048x1365.jpg 2048w, \/wp-content\/uploads\/2021\/02\/cabo-frio-rj-localiza-1568x1045.jpg 1568w\" sizes=\"(max-width: 768px) 100vw, 768px\" \/><figcaption>Praia do Forte em Cabo Frio\/RJ (Getty Images)<\/figcaption><\/figure><\/div>\n\n\n\n<p><\/p>\n\n\n\n<h2>O QUE COMER NA CIDADE<\/h2>\n\n\n\n<p>Pela cidade voc\u00ea encontrar\u00e1 todos os tipos de comida e v\u00e1rios restaurantes para se conhecer. Aposte em provar as especiarias do mar, que s\u00e3o o forte de Cabo Frio. Seja na praia, nos quiosques ou nos restaurantes da cidade, voc\u00ea poder\u00e1 provar o melhor do pescado da regi\u00e3o.<\/p>\n\n\n\n<p><\/p>\n\n\n\n<div class=\"wp-block-image\"><figure class=\"aligncenter size-large is-resized\"><img loading=\"lazy\" src=\"\/wp-content\/uploads\/2021\/02\/camarao-cabo-frio-localiza-1024x683.jpg\" alt=\"Camar\u00f5es fritos\" class=\"wp-image-289\" width=\"768\" height=\"512\" srcset=\"\/wp-content\/uploads\/2021\/02\/camarao-cabo-frio-localiza-1024x683.jpg 1024w, \/wp-content\/uploads\/2021\/02\/camarao-cabo-frio-localiza-300x200.jpg 300w, \/wp-content\/uploads\/2021\/02\/camarao-cabo-frio-localiza-768x512.jpg 768w, \/wp-content\/uploads\/2021\/02\/camarao-cabo-frio-localiza-1536x1025.jpg 1536w, \/wp-content\/uploads\/2021\/02\/camarao-cabo-frio-localiza-2048x1367.jpg 2048w, \/wp-content\/uploads\/2021\/02\/camarao-cabo-frio-localiza-1568x1046.jpg 1568w\" sizes=\"(max-width: 768px) 100vw, 768px\" \/><figcaption>Camar\u00f5es (Getty Images)<\/figcaption><\/figure><\/div>\n\n\n\n<p><\/p>\n\n\n\n<h2>ONDE COMPRAR EM CABO FRIO<\/h2>\n\n\n\n<p>Quer levar mimos da cidade para casa? Voc\u00ea pode adquirir lembran\u00e7as na pr\u00f3pria praia, com os vendedores que andam pelos turistas, ou visitar a famosa feirinha de artesanato de Cabo Frio, com uma variedade enorme de op\u00e7\u00f5es para compra.<\/p>\n\n\n\n<p>Se a inten\u00e7\u00e3o \u00e9 comprar moda-praia, ent\u00e3o pegue o carro alugado e v\u00e1 at\u00e9 a Rua dos Biqu\u00ednis, (Rua Oriovaldo Macedo Sampaio). Por l\u00e1, voc\u00ea encontrar\u00e1 v\u00e1rias lojas especializadas em pe\u00e7as de praia para todos os gostos.<\/p>\n\n\n\n<p>Agora, se voc\u00ea e sua turma querem comprar pescados de Cabo Frio, o Mercado de Peixe e Frutos do Mar \u00e9 o lugar certo para se visitar. Voc\u00ea encontrar\u00e1 produtos frescos para preparar durante a viagem ou at\u00e9 mesmo levar para casa.<\/p>\n\n\n\n<p><\/p>\n\n\n\n<div class=\"wp-block-image\"><figure class=\"aligncenter size-large is-resized\"><a href=\"https:\/\/www.localiza.com\/brasil\/pt-br\/ofertas\/beneficio-fotoregistro\" target=\"_blank\" rel=\"noopener noreferrer\"><img loading=\"lazy\" src=\"\/wp-content\/uploads\/2021\/02\/Banners_FOTOREGISTRO_Paginas_de_destino_1299_x_321-1-1024x254.png\" alt=\"Banner da parceria entre a Localiza e a empresa de revela\u00e7\u00e3o de fotos Foto Registro, que oferece desconto na revela\u00e7\u00e3o de fotografias para o cliente Localiza. \u00c9 necess\u00e1rio clicar para acessar a p\u00e1gina da promo\u00e7\u00e3o com as informa\u00e7\u00f5es do desconto\" class=\"wp-image-642\" width=\"768\" height=\"191\" srcset=\"\/wp-content\/uploads\/2021\/02\/Banners_FOTOREGISTRO_Paginas_de_destino_1299_x_321-1-1024x254.png 1024w, \/wp-content\/uploads\/2021\/02\/Banners_FOTOREGISTRO_Paginas_de_destino_1299_x_321-1-300x74.png 300w, \/wp-content\/uploads\/2021\/02\/Banners_FOTOREGISTRO_Paginas_de_destino_1299_x_321-1-768x190.png 768w, \/wp-content\/uploads\/2021\/02\/Banners_FOTOREGISTRO_Paginas_de_destino_1299_x_321-1.png 1300w\" sizes=\"(max-width: 768px) 100vw, 768px\" \/><\/a><\/figure><\/div>\n\n\n\n<p><\/p>\n\n\n\n<h2>CIDADES PR\u00d3XIMAS PARA SE CONHECER COM O CARRO ALUGADO<\/h2>\n\n\n\n<p>Tem alguns dias a mais para sua viagem e quer explorar os arredores? Visite <a href=\"https:\/\/www.localiza.com\/brasil\/pt-br\/rede-de-agencias\/arraial-do-cabo\" data-type=\"URL\" data-id=\"https:\/\/www.localiza.com\/brasil\/pt-br\/rede-de-agencias\/arraial-do-cabo\" target=\"_blank\" rel=\"noreferrer noopener\">Arraial do Cabo<\/a> e&nbsp;<a href=\"https:\/\/www.localiza.com\/brasil\/pt-br\/viaje-de-carro\/praias-mais-famosas-de-buzios\">B\u00fazios<\/a>, respectivamente \u00e0 13 km e 25 km de Cabo Frio. \u00c9 f\u00e1cil fazer um bate-volta nas duas cidades com a comodidade e praticidade do aluguel de carros.<\/p>\n\n\n\n<p><\/p>\n\n\n\n<p>Se voc\u00ea ainda n\u00e3o sabe o que fazer por essas cidades vizinhas, convidamos o Marcos Vaz, influenciador do canal <strong>@vazaonde<\/strong>, para percorrer a paradis\u00edaca Arraial do Cabo e te inspirar a dar aquela esticadinha e curtir ainda mais seu passeio pela Regi\u00e3o dos Lagos. Aperto o play e prepare-se para se apaixonar pelo famoso &#8220;Caribe brasileiro&#8221;!<\/p>\n\n\n\n<p><\/p>\n\n\n\n<center> <iframe width=\"560\" height=\"315\" src=\"https:\/\/www.youtube.com\/embed\/ZoX3jDj0_Ok\" title=\"YouTube video player\" frameborder=\"0\" allow=\"accelerometer; autoplay; clipboard-write; encrypted-media; gyroscope; picture-in-picture\" allowfullscreen=\"\"><\/iframe><\/center>\n\n\n\n<p><\/p>\n\n\n\n<p>J\u00e1 est\u00e1 preparado para viver dias incr\u00edveis em Cabo Frio? Conte com a gente para seguirmos&nbsp;ao seu lado por todo o caminho!<\/p>\n\n\n\n<p><\/p>\n\n\n\n<p>E, claro: n\u00e3o deixe conferir outras dicas incr\u00edveis de destinos, viagens, gastronomia, fotografia e muito mais nas nossas redes sociais! Siga a Localiza no <a href=\"https:\/\/www.instagram.com\/localiza\/\">Instagram<\/a>, <a href=\"https:\/\/www.facebook.com\/Localiza\">Facebook<\/a>,<a href=\"https:\/\/www.tiktok.com\/@voudelocaliza\"> TikTok<\/a>, <a href=\"https:\/\/twitter.com\/localizabr\">Twitter<\/a>, <a href=\"https:\/\/www.youtube.com\/user\/grupolocaliza\">Youtube<\/a> e no <a href=\"https:\/\/br.pinterest.com\/localizabr\/_created\/\">Pinterest<\/a>, e fique por dentro de tudo isso!<\/p>\n","protected":false},"template":"","meta":[],"categories":[2],"acf":{"cityName":"Cabo Frio","mainImage":"\/wp-content\/uploads\/2021\/09\/aluguel-de-carros-localiza-rede-de-agencias.png","production":true,"canonicalTag":"https:\/\/www.localiza.com\/brasil\/pt-br\/rede-de-agencias\/cabo-frio","descriptionTag":"Ag\u00eancias de aluguel de carros em Cabo Frio, para facilitar sua viagem e economizar seu dinheiro! Acesse aqui e confira!","newVersion":false},"_links":{"self":[{"href":"https:\/\/canaisdigitaissitebr-wordpress.azurewebsites.net\/index.php\/wp-json\/wp\/v2\/paginas_cidades\/287"}],"collection":[{"href":"https:\/\/canaisdigitaissitebr-wordpress.azurewebsites.net\/index.php\/wp-json\/wp\/v2\/paginas_cidades"}],"about":[{"href":"https:\/\/canaisdigitaissitebr-wordpress.azurewebsites.net\/index.php\/wp-json\/wp\/v2\/types\/paginas_cidades"}],"wp:attachment":[{"href":"https:\/\/canaisdigitaissitebr-wordpress.azurewebsites.net\/index.php\/wp-json\/wp\/v2\/media?parent=287"}],"wp:term":[{"taxonomy":"category","embeddable":true,"href":"https:\/\/canaisdigitaissitebr-wordpress.azurewebsites.net\/index.php\/wp-json\/wp\/v2\/categories?post=287"}],"curies":[{"name":"wp","href":"https:\/\/api.w.org\/{rel}","templated":true}]}}

Aluguel de Carros em Cabo Frio, RJ: simples e rápido

<h1>ALUGUEL DE CARROS EM CABO FRIO</h1>



<h3>SONHANDO COM DIAS DE DESCANSO EM CABO FRIO? ALUGUE UM CARRO</h3>



<p>A cerca de 156 km da capital carioca, <a href="https://seminovos.localiza.com/carros/rj-cabo-frio" data-type="URL" data-id="https://seminovos.localiza.com/carros/rj-cabo-frio" target="_blank" rel="noreferrer noopener">Cabo Frio</a>, cidade que fica na conhecida Região dos Lagos, atrai muitos turistas do estado e de todo o país. A cidade é a sétima mais antiga do Brasil e, além de praias belíssimas, guarda muita história. Alugue um carro e desvende essa bela cidade!</p>



<p><a rel="noreferrer noopener" href="https://www.localiza.com/brasil/pt-br/grupos-de-carros" target="_blank">Veja aqui os modelos de carro para aluguel na cidade de Cabo Frio</a></p>



<h2>Você sabia? Alugar com antecedência é mais barato!</h2>



<p>Alugar o carro com antecedência geralmente permite tarifas mais baixas. <strong>Quanto antes você reservar, mais você vai economizar.</strong></p>



<p>Isso acontece pela relação entre serviço e demanda: em períodos de alta temporada o número de carros disponíveis diminui e a procura aumenta. Naturalmente, com mais gente querendo alugar e menos carros à disposição, os preços sobem.</p>



<p>Portanto, ao se planejar, você garante um preço mais baixo, garantindo não só o veículo de sua preferência, mas também uma economia significativa no seu orçamento de viagem.</p>



<p>Em períodos de alta temporada, <strong>reservar o carro com antecedência pode gerar uma economia de até 30%.</strong></p>



<h2>CHEGANDO NA CIDADE</h2>



<p>Você nos encontrará no aeroporto de Cabo Frio, se chegar voando, ou no centro da cidade, se optar pela rodoviária. Estamos bem próximos, cerca de 2,4 km de distância. Reserve o melhor carro para a sua viagem e vamos juntos aproveitar os dias no litoral do Rio de Janeiro.</p>



<h2>O QUE FAZER COM O ALUGUEL DE CARROS EM CABO FRIO</h2>



<p>A beleza da cidade fica por conta, principalmente, das praias de água cristalina com areias brancas e do seu lado histórico. O bairro da Passagem guarda, até os dias de hoje, construções da época de sua fundação.</p>



<p>Cabo Frio foi descoberta no ano de 1503 pelo português Américo Vespúcio. Era uma área muito atacada por franceses e holandeses, por conta da grande quantidade e qualidade do Pau Brasil. Por esse motivo, a cidade ganhou um dos seus pontos turísticos mais famosos.</p>



<p>Além de conhecer o Forte de São Mateus, coloque também em sua lista o que conhecer pela cidade com o seu carro alugado:&nbsp;</p>



<ul><li>Bairro da Passagem</li><li>Morro da Guia</li><li>Praça das águas</li><li>Praia do Forte</li><li>Praia das Dunas</li><li>Praia do Peró</li><li>Praia das Conchas</li><li>Praia do Foguete</li><li>Ilha do Japonês</li></ul>



<h3><strong>PRAIA DO FORTE</strong></h3>



<p>É, com certeza, a praia mais frequentada da cidade. Com estrutura para receber muitos visitantes, contando com quiosques no calçadão, bares e restaurantes em seus arredores, a Praia do Forte é a praia central da cidade. É por ali também que está a Praça das Águas.</p>



<p>O Forte de São Mateus, monumento que deu nome à praia, fica em sua extremidade esquerda e garante uma vista privilegiada das praias do Forte e das Dunas.</p>



<p></p>



<div class="wp-block-image"><figure class="aligncenter size-large is-resized"><img loading="lazy" src="/wp-content/uploads/2021/02/cabo-frio-rj-localiza-1024x683.jpg" alt="Praia do Forte, Cabo Frio/RJ" class="wp-image-288" width="768" height="512" srcset="/wp-content/uploads/2021/02/cabo-frio-rj-localiza-1024x683.jpg 1024w, /wp-content/uploads/2021/02/cabo-frio-rj-localiza-300x200.jpg 300w, /wp-content/uploads/2021/02/cabo-frio-rj-localiza-768x512.jpg 768w, /wp-content/uploads/2021/02/cabo-frio-rj-localiza-1536x1024.jpg 1536w, /wp-content/uploads/2021/02/cabo-frio-rj-localiza-2048x1365.jpg 2048w, /wp-content/uploads/2021/02/cabo-frio-rj-localiza-1568x1045.jpg 1568w" sizes="(max-width: 768px) 100vw, 768px" /><figcaption>Praia do Forte em Cabo Frio/RJ (Getty Images)</figcaption></figure></div>



<p></p>



<h2>O QUE COMER NA CIDADE</h2>



<p>Pela cidade você encontrará todos os tipos de comida e vários restaurantes para se conhecer. Aposte em provar as especiarias do mar, que são o forte de Cabo Frio. Seja na praia, nos quiosques ou nos restaurantes da cidade, você poderá provar o melhor do pescado da região.</p>



<p></p>



<div class="wp-block-image"><figure class="aligncenter size-large is-resized"><img loading="lazy" src="/wp-content/uploads/2021/02/camarao-cabo-frio-localiza-1024x683.jpg" alt="Camarões fritos" class="wp-image-289" width="768" height="512" srcset="/wp-content/uploads/2021/02/camarao-cabo-frio-localiza-1024x683.jpg 1024w, /wp-content/uploads/2021/02/camarao-cabo-frio-localiza-300x200.jpg 300w, /wp-content/uploads/2021/02/camarao-cabo-frio-localiza-768x512.jpg 768w, /wp-content/uploads/2021/02/camarao-cabo-frio-localiza-1536x1025.jpg 1536w, /wp-content/uploads/2021/02/camarao-cabo-frio-localiza-2048x1367.jpg 2048w, /wp-content/uploads/2021/02/camarao-cabo-frio-localiza-1568x1046.jpg 1568w" sizes="(max-width: 768px) 100vw, 768px" /><figcaption>Camarões (Getty Images)</figcaption></figure></div>



<p></p>



<h2>ONDE COMPRAR EM CABO FRIO</h2>



<p>Quer levar mimos da cidade para casa? Você pode adquirir lembranças na própria praia, com os vendedores que andam pelos turistas, ou visitar a famosa feirinha de artesanato de Cabo Frio, com uma variedade enorme de opções para compra.</p>



<p>Se a intenção é comprar moda-praia, então pegue o carro alugado e vá até a Rua dos Biquínis, (Rua Oriovaldo Macedo Sampaio). Por lá, você encontrará várias lojas especializadas em peças de praia para todos os gostos.</p>



<p>Agora, se você e sua turma querem comprar pescados de Cabo Frio, o Mercado de Peixe e Frutos do Mar é o lugar certo para se visitar. Você encontrará produtos frescos para preparar durante a viagem ou até mesmo levar para casa.</p>



<p></p>



<div class="wp-block-image"><figure class="aligncenter size-large is-resized"><a href="https://www.localiza.com/brasil/pt-br/ofertas/beneficio-fotoregistro" target="_blank" rel="noopener noreferrer"><img loading="lazy" src="/wp-content/uploads/2021/02/Banners_FOTOREGISTRO_Paginas_de_destino_1299_x_321-1-1024x254.png" alt="Banner da parceria entre a Localiza e a empresa de revelação de fotos Foto Registro, que oferece desconto na revelação de fotografias para o cliente Localiza. É necessário clicar para acessar a página da promoção com as informações do desconto" class="wp-image-642" width="768" height="191" srcset="/wp-content/uploads/2021/02/Banners_FOTOREGISTRO_Paginas_de_destino_1299_x_321-1-1024x254.png 1024w, /wp-content/uploads/2021/02/Banners_FOTOREGISTRO_Paginas_de_destino_1299_x_321-1-300x74.png 300w, /wp-content/uploads/2021/02/Banners_FOTOREGISTRO_Paginas_de_destino_1299_x_321-1-768x190.png 768w, /wp-content/uploads/2021/02/Banners_FOTOREGISTRO_Paginas_de_destino_1299_x_321-1.png 1300w" sizes="(max-width: 768px) 100vw, 768px" /></a></figure></div>



<p></p>



<h2>CIDADES PRÓXIMAS PARA SE CONHECER COM O CARRO ALUGADO</h2>



<p>Tem alguns dias a mais para sua viagem e quer explorar os arredores? Visite <a href="https://www.localiza.com/brasil/pt-br/rede-de-agencias/arraial-do-cabo" data-type="URL" data-id="https://www.localiza.com/brasil/pt-br/rede-de-agencias/arraial-do-cabo" target="_blank" rel="noreferrer noopener">Arraial do Cabo</a> e&nbsp;<a href="https://www.localiza.com/brasil/pt-br/viaje-de-carro/praias-mais-famosas-de-buzios">Búzios</a>, respectivamente à 13 km e 25 km de Cabo Frio. É fácil fazer um bate-volta nas duas cidades com a comodidade e praticidade do aluguel de carros.</p>



<p></p>



<p>Se você ainda não sabe o que fazer por essas cidades vizinhas, convidamos o Marcos Vaz, influenciador do canal <strong>@vazaonde</strong>, para percorrer a paradisíaca Arraial do Cabo e te inspirar a dar aquela esticadinha e curtir ainda mais seu passeio pela Região dos Lagos. Aperto o play e prepare-se para se apaixonar pelo famoso &#8220;Caribe brasileiro&#8221;!</p>



<p></p>



<center> <iframe width="560" height="315" src="https://www.youtube.com/embed/ZoX3jDj0_Ok" title="YouTube video player" frameborder="0" allow="accelerometer; autoplay; clipboard-write; encrypted-media; gyroscope; picture-in-picture" allowfullscreen=""></iframe></center>



<p></p>



<p>Já está preparado para viver dias incríveis em Cabo Frio? Conte com a gente para seguirmos&nbsp;ao seu lado por todo o caminho!</p>



<p></p>



<p>E, claro: não deixe conferir outras dicas incríveis de destinos, viagens, gastronomia, fotografia e muito mais nas nossas redes sociais! Siga a Localiza no <a href="https://www.instagram.com/localiza/">Instagram</a>, <a href="https://www.facebook.com/Localiza">Facebook</a>,<a href="https://www.tiktok.com/@voudelocaliza"> TikTok</a>, <a href="https://twitter.com/localizabr">Twitter</a>, <a href="https://www.youtube.com/user/grupolocaliza">Youtube</a> e no <a href="https://br.pinterest.com/localizabr/_created/">Pinterest</a>, e fique por dentro de tudo isso!</p>

Agências de aluguel de carros em Cabo Frio, para facilitar sua viagem e economizar seu dinheiro! Acesse aqui e confira!
